1 - 10 = 0. Suppose -45 = -i - 2*i + 5*v, 5*i - 3*v - x = 0. Suppose -3*l - 5*y = -i + 2, l = -4*y + 6. List the prime factors of l.
2, 3
Let n be (-1)/3 - (-38)/6. Let y be (-14)/6 - n/(-18). List the prime factors of (y - -14)*2/4.
2, 3
Suppose 3 = 5*n - 7. Let k be n + -3 + 16/2. Suppose 2*l - 5 = k. List the prime factors of l.
2, 3
Suppose 6 = 4*m - g - 5, g - 3 = -3*m. Let y(p) = p**3 - 2*p**2. Let a be y(m). Suppose -3*t = -6 - a. What are the prime factors of t?
2
Let x(s) = 22*s**3 - 9*s. Let b(t) = -11*t**3 + 4*t. Let i(l) = -9*b(l) - 4*x(l). What are the prime factors of i(1)?
11
Let a(g) = -3*g + 1. Let y be a(1). Let n(f) = f + 0*f**3 + 2 - f**3 - 2 + f**2 - 2. List the prime factors of n(y).
2
Let i(u) = u**2 - 4*u - 9. Let t be i(6). Suppose -5*p + 112 = 4*c, -2*p + 2*c - 26 = -t*p. List the prime factors of p.
2, 5
Let l(i) = 144*i**2. List the prime factors of l(1).
2, 3
Suppose 0 = 4*i - 2*i - 4. List the prime factors of 9/(2/i - 0).
3
Let f(g) = -2*g + 2. Let z be f(-3). Let t(y) = -y**3 - 4*y**2 + 4*y - 4. Let h be t(-5). Let c = z - h. List the prime factors of c.
7
Suppose -3*i = -3*b - 108, -3*b - 143 = -3*i - 7*b. List the prime factors of i.
41
Let n(r) = 2*r**3 - 4*r**2 + 23*r - 18. What are the prime factors of n(6)?
2, 3, 17
Let a = -1 - -4. Suppose s + a*s - 4*g + 4 = 0, -5*s + 9 = 2*g. List the prime factors of s - (0 + 6/(-3)).
3
Let a(u) = -22*u - 89. What are the prime factors of a(-11)?
3, 17
Let n(f) be the second derivative of f**4/12 + 4*f**3/3 + 5*f**2/2 + 3*f. What are the prime factors of n(-8)?
5
Let q(z) = z**3 - 8*z**2 - 8*z - 5. Let r be q(9). Suppose -m + 4 = 4*u, 0*u + r*u - 4*m = 4. Suppose -5 = -3*k + u. List the prime factors of k.
2
Suppose 2*j + 36 = 3*z, -2*z = -5*z + j + 36. Suppose 5*u - 21 = -0*g + 2*g, 0 = 4*g + z. List the prime factors of u.
3
Let t be 1 + 3 + -3 + 1. Suppose 5*k - 3*j = 94, -2*k + 4*j + 36 = t*j. What are the prime factors of k?
2, 5
Suppose -5*a + 195 = -0*a. List the prime factors of a.
3, 13
Let o = -333 - -572. List the prime factors of o.
239
Let d = -38 + 77. What are the prime factors of d?
3, 13
Let a = -5 - 23. List the prime factors of a/(-14)*(-62)/(-4).
31
Let r = -2 - -2. Let o = 0 + r. Let v(s) = -s**2 - s + 6. List the prime factors of v(o).
2, 3
Let g = 7 - 7. Suppose 0*q - 3*s - 12 = 3*q, s - 3 = g. List the prime factors of ((-12)/14)/(1/q).
2, 3
Suppose -5*a + 128 = -3*o, -2*o + 64 = -0*a + 2*a. Let f = a - 17. What are the prime factors of f?
11
Suppose -5*v = o - 1 + 10, -3*v = -o - 1. What are the prime factors of 2/(v - (-57)/51)?
17
Suppose 3*r = 4*x + 7, 0 = 5*x - 4*r - 1 + 11. Let u(p) = 7 + p**x - 5*p + 3 - 2. List the prime factors of u(6).
2, 7
Suppose 27 = 4*f - 3*j, -4*f + 2*j - 10 + 40 = 0. List the prime factors of f.
3
Let p be (-8)/(-14)*14/4. Suppose 3*y - 5*q = 32, -3*y - p*q = 2*q - 50. List the prime factors of y.
2, 7
Let s(v) be the third derivative of -v**4/24 + v**3/2 - 2*v**2. Let o be s(6). Let p = 6 + o. List the prime factors of p.
3
Suppose -2*i + 9 = 3*y, y + 3*i = 4*i + 3. Suppose y*u - 4 = -u. What are the prime factors of (1/u)/((-2)/(-4))?
2
Suppose 4*a + 3*v - 196 = 586, -968 = -5*a + v. What are the prime factors of a?
2, 97
Let l(s) = 3*s**2 - 11*s + 1. List the prime factors of l(-9).
7
Let r = 9 + 4. What are the prime factors of r?
13
Let m be (3/(-2))/(1/(-2)). Suppose b - 5*t = -b + 26, -4*t - 7 = m*b. What are the prime factors of b?
3
Let g(i) = -2*i - 1. Let x be g(-1). Let m = 7 + x. List the prime factors of m.
2
Let v(y) = -8*y**3 - y**2 + 2*y - 1. Let c be v(1). Let l = c - -6. List the prime factors of l*(-1 - (-15)/(-2)).
17
Let x = 16 - -10. What are the prime factors of x?
2, 13
Suppose 0 = 3*z + w - 209, z - 3*w - 88 = -7*w. List the prime factors of z.
2, 17
Let x = 12 + -20. List the prime factors of (-2 - x)*9/2.
3
Suppose 0 = -5*y - 25, -5*n = -n - 5*y - 45. Let w = n + -3. What are the prime factors of w?
2
Let r = -35 - -65. What are the prime factors of r?
2, 3, 5
Suppose -286 = -5*k + 234. Suppose 2*l + 34 = f, -4*f - 4*l = -32 - k. What are the prime factors of f?
2, 17
Suppose 0 = 2*o - 2*l - 116, -2*o + 3*l - 198 = -5*o. Let m = o + -32. List the prime factors of m.
2, 3, 5
Let u(v) = v**3 + 12*v**2 - 12*v + 15. Suppose 7 = 4*s + 59. List the prime factors of u(s).
2
Suppose 0 = 11*y - 1339 + 305. What are the prime factors of y?
2, 47
Let w be (-45)/(-12) - (-1)/4. Suppose -g + 8 = w. List the prime factors of (-3)/((-2)/g*2).
3
Let o(g) = g**3 + g**2 - g + 11. Let m be o(0). Suppose 2*r + m = 33. What are the prime factors of r?
11
Let z(p) = -p + 1. Let r be z(-2). Let v(d) = 4*d - 2. Let w be v(4). Suppose 0 = r*x - x - w. List the prime factors of x.
7
Let x(o) = 101*o - 4. List the prime factors of x(1).
97
Suppose -96 = -0*o - 2*o. Suppose 2*b + 0 = 3*r + 28, 0 = -2*b - 2*r + o. List the prime factors of b.
2, 5
Suppose -11*i + 20 = -6*i. Suppose -i*s + 5*o + 34 - 4 = 0, -2*s - 3*o = -26. What are the prime factors of s?
2, 5
Let z be (-2 + (-6)/(-3))/(-2). Suppose z = 4*s + s - 100. Suppose 0 = 2*u - w - s, u + 3*w = w + 15. List the prime factors of u.
11
Let g(j) = -2*j**3 - 3*j**2 - 6*j - 4. What are the prime factors of g(-4)?
2, 5
Let b = -18 - -20. What are the prime factors of b?
2
Let q = 23 - 20. Suppose -4*m - q*c + 147 = 0, -2*m - m = 3*c - 108. What are the prime factors of m?
3, 13
Suppose -3*l - y = -7, -3*l + y - 4 = -5*l. Suppose 4*n = 3*f - 71, 95 = 5*f + l*n + 2*n. What are the prime factors of f?
3, 7
Suppose -5*t + 183 + 247 = 0. What are the prime factors of t?
2, 43
Suppose d - 1 = -j + 3*d, 0 = -4*d + 4. Suppose -4 = -5*a - 3*z, a - 11 = 2*z - 6*z. Let r = a + j. What are the prime factors of r?
2
Let d = -7 + 10. Suppose 0*x = d*x - 27. List the prime factors of x.
3
Suppose -3*b + 102 + 42 = 0. Let u = 29 + -21. Suppose u*g - b = 4*g. List the prime factors of g.
2, 3
Let d(z) be the third derivative of -z**5/60 - 13*z**4/24 + 11*z**3/6 + 2*z**2. What are the prime factors of d(-12)?
23
Let j be 1/2*0/(-2). Suppose 4*b - 7 - 5 = 0. Suppose j = 2*l + b*l - 15. List the prime factors of l.
3
What are the prime factors of 2/(-5) - 1782/(-30)?
59
Suppose 33 = 3*w - 12. Let i = w + -21. Let z = i + 9. What are the prime factors of z?
3
Let a be 2/(-8) + (-52)/(-16). Suppose 0 = a*h + z - 21, h + 0*h - 4*z + 6 = 0. List the prime factors of h.
2, 3
Suppose 4*y = -q + 69, -2*y + 0*y + 52 = 4*q. What are the prime factors of y?
2
Suppose 4 - 48 = -2*s. List the prime factors of s.
2, 11
Suppose 4*l = 157 - 37. List the prime factors of l.
2, 3, 5
Suppose -4 = 3*h - 6*h + i, 2*i = 5*h - 6. Suppose 0 = -p + h*p - 19. Suppose -5*r + 2*k = -44, -21 = -4*r + 4*k + p. List the prime factors of r.
2
Let v = 5 + -5. Suppose -5*f - 72 = g - 4, -5*f - 2*g - 71 = v. Let m = f + 20. What are the prime factors of m?
7
Suppose -5*i + 15 = -5*s, 0*i - 1 = -3*s + i. Let m be s/(-8) + 45/(-12). List the prime factors of 2/m*18/(-1).
3
Let z(u) = u**3 + 8*u**2 - 2*u - 12. Suppose 4*p - m + 30 = 0, -3*p - 22 = m - 2*m. List the prime factors of z(p).
2
List the prime factors of (-61)/(-2) + 3/2.
2
Suppose 3*g + 3*d + 32 = 7*d, 4*g = d - 34. What are the prime factors of ((-15)/(-12))/((-1)/g)?
2, 5
List the prime factors of (-1750)/(-49) - 2/(-7).
2, 3
Suppose 7*j = 6*j + 34. Suppose 5*n = -5, 2*n - j = -5*w + w. List the prime factors of w.
3
Let s(u) = 4*u**2 - u - 1. What are the prime factors of s(2)?
13
Let r be 130/14 + (-4)/14. Suppose w = 5*d + r, -5*d + 3 = w - 6. List the prime factors of w.
3
Let l(m) be the first derivative of m**4/4 - 4*m**3 + 15*m**2/2 - 13*m - 1. What are the prime factors of l(11)?
31
Let n = 81 - 7. What are the prime factors of n?
2, 37
Suppose -2*p - 14*p + 2016 = 0. What are the prime factors of p?
2, 3, 7
Let l(i) = -5*i**3 + i. What are the prime factors of l(-1)?
2
Let l = 714 - 381. What are the prime factors of l?
3, 37
Let u = 5 + -1. Let v be 24*4/10*5. Suppose 0 = u*k - k - v. What are the prime factors of k?
2
Suppose 3*d = -4*z + 5*d, -2*d + 10 = z. What are the prime factors of (z + 0)/((-12)/(-18))?
3
Suppose 33 = 5*r - 152. What are the prime factors of r?
37
Let p(a) = a**2 + 2*a - a - 4*a - 6 - 3. Let z be p(9). Let g = -29